.
46
Let f be ((-6)/6)/(1/(-28)). Suppose f + 227 = 3*i. Calculate the greatest common factor of 119 and i.
17
Let o be -2 + 42/12 + 9/(-2). Let k be (-3440)/o - (23 - 12)/(-33). What is the highest common divisor of k and 37?
37
Suppose 5*x = 3*x + 2*r + 18, 0 = 5*x - 3*r - 35. Suppose -13*t + 15*t = 4*m + 46, t + x*m + 7 = 0. Calculate the greatest common divisor of 104 and t.
13
Let x(j) = -4*j**3 - 52*j**2 - 17*j - 174. Let g be x(-13). Suppose 1504 = -c + 3*c. What is the highest common factor of c and g?
47
Suppose 0 = -c + 2*r + 105, -64 + 537 = 5*c + 3*r. Let u = c - 97. Suppose -15*f + 12*f + 48 = u. What is the highest common divisor of f and 64?
16
Suppose 11*c - 9*c + 6 = 0, -2*o - 5*c + 145 = 0. What is the greatest common divisor of 2840 and o?
40
Let h(r) = r**3 - 6*r**2 + r + 1. Let u be (-5)/(-30) + (-35)/(-6). Let y be h(u). Let d = y - -8. What is the highest common divisor of d and 165?
15
Let c be (-3303)/(180/(-24) - -6). What is the greatest common divisor of 6 and c?
6
Let s be 4/(-30) - (-61614)/405. Suppose s - 24 = 4*g. Let a(w) = 96*w**2. Let l be a(1). Calculate the greatest common divisor of g and l.
32
Suppose 5*h - 5*j = -2*j - 41, 4*j - 38 = 5*h. Let u = -5 - h. Let f(z) = z**2 - 18*z - 358. Let o be f(-13). Calculate the highest common divisor of o and u.
5
Suppose 248066 = 199*j + 178*j. Calculate the greatest common factor of 35 and j.
7
Suppose -3*b - 121 = -58. Let r be (b*78/(-36))/(2/4). Calculate the greatest common factor of r and 26.
13
Let t = -124 - -208. Let r be (14/4*4 + -5)*-17. Let y = 209 + r. Calculate the greatest common factor of t and y.
28
Let g(m) = 15*m**2 + 41*m + 14. Let w be g(-6). Let n be (-4)/(-14) - (-2992)/w. Suppose 3*y = -2*y + 200. Calculate the greatest common factor of n and y.
10
Let w be 6*(56/(-16) - -3) + 2257. Calculate the highest common divisor of 490 and w.
98
Suppose -4*j = -0*j - 7*j. Let d = -5 - -7. Suppose -67 = -4*y + 5*x, j*x - 70 = -4*y + d*x. What is the highest common divisor of y and 27?
9
Let g = 1186 - 925. Suppose -3*v + 3*c - 171 = -c, v = -5*c - 76. Let w = 90 + v. Calculate the highest common factor of w and g.
29
Let t be ((-1564)/184)/(1/(-46)). Calculate the greatest common divisor of t and 92.
23
Let o(f) = 33*f + 81. Let w be o(6). What is the highest common divisor of w and 31?
31
Suppose x - 2157 = -2*u - 307, 2*x - u - 3675 = 0. What is the greatest common factor of x and 120?
40
Let q = 403 + -199. Suppose 2*v = 2*g + 392, -v + 3*g + 0*g + q = 0. Let w(t) = -t**2 - 7*t. Let h be w(-4). Calculate the greatest common divisor of h and v.
12
Let u(v) = 79*v - 8. Let b be u(4). Let k = b - 285. Calculate the highest common divisor of 736 and k.
23
Suppose -10*d - 17 - 53 = 0. Let k(g) = 2*g**2 + 16*g + 32. Let z be k(d). What is the highest common divisor of z and 27?
9
Let n(b) = -19*b - 54. Let l be n(-9). Suppose 18 = 2*w - 3*z - l, 0 = 3*z + 9. Calculate the greatest common factor of w and 18.
9
Let l(m) = m**3 - 45*m**2 + 15*m + 1289. Let j be l(44). Let s be 2/(-4) - 218/(-4). Let h = s - 15. What is the greatest common divisor of j and h?
13
Suppose 18*t - 12*t - 1248 = 0. Let s = t - 206. Suppose 5*v - 166 = 4. Calculate the greatest common divisor of v and s.
2
Suppose 0 = 2*g + 3*r, 2*r - 6*r = g. Suppose -22*i + 489 + 1975 = g. Calculate the highest common divisor of i and 7.
7
Let d = -11 - -10. Let t(o) = 11*o**2. Let j be t(d). Let q be 7 + 0 - 1 - -5. Calculate the greatest common divisor of q and j.
11
Let q = -1219774 + 1219781. Let x = -270 + -12. Let p = x + 401. What is the highest common divisor of p and q?
7
Let h = 14 + -8. Suppose 20*z - 648 = 14*z. Let r be 56/6*z/24. Calculate the highest common divisor of r and h.
6
Suppose -105*u = -114*u + 450. What is the highest common divisor of 875 and u?
25
Suppose 3*q + 208 = 4*n - 0*q, -104 = -2*n + q. Suppose 36*z = 40*z - n. What is the greatest common factor of z and 208?
13
Let p be 5253/1071 - (-1 + (-19)/(-21)). Suppose 3*z - 51 = -3*j, 4*j = -z + p*z + 44. Calculate the highest common divisor of 6 and j.
2
Suppose 5*x + 252 = -x. Let a = -38 - x. Suppose a*i + 10 = 6*i. Calculate the highest common factor of i and 1.
1
Suppose 23*l - l + 30*l = 21164. What is the highest common factor of l and 74?
37
Suppose 0 = 865*i - 856*i - 27. Suppose 2*t - 3 = 3. Suppose t*g = h + 8*g - 10, -4*h + 40 = -i*g. Calculate the highest common factor of h and 90.
10
Suppose 4*q + 0*q - 4 = 4*k, 5*q = -4*k + 23. Let v be 2/q - (-2164)/12. Let d = v - 104. Calculate the highest common divisor of 7 and d.
7
Let p(m) = -42*m - 5499. Let q be p(-136). Calculate the greatest common divisor of q and 3905.
71
Let u(c) = -437*c + 20. Let k be u(2). Let y = k + 865. What is the greatest common factor of y and 1?
1
Suppose -g + 2291 = -51*g + 27291. Suppose 0 = -5*p - 4*v + 104, -4*p - 2*v + 75 + 7 = 0. What is the greatest common factor of p and g?
20
Let y be (-6 - (-3 + -31)) + -1. Let t(w) = -4*w + 168. Let k be t(y). Let r be -2 + (-1)/(-1) - -21. What is the highest common divisor of k and r?
20
Suppose 540*z - 142*z + 358549 = 1259621. What is the highest common factor of z and 8?
8
Suppose 226 = 12*b - 98. What is the highest common divisor of b and 5103?
27
Let b be (-1 - (-8)/4*2) + -2. Let l be ((-12)/(-15))/(b/120). Let g = 70 - 46. What is the highest common divisor of l and g?
24
Let u = 45 - 33. Suppose z - 5*q + 361 = 0, -2*q + 0*q = 10. Let l be (-2)/4 - z/4. Calculate the highest common factor of l and u.
12
Let i(w) = -7*w**2 + 4*w + 16. Let q(v) = 6*v**2 - 5*v - 16. Let c(t) = -3*i(t) - 2*q(t). Let g be c(-4). What is the highest common factor of g and 17?
17
Let c(l) = l**3 + 15*l**2 + 22*l + 36. Let y be c(-13). Let f = 48 - 32. What is the highest common factor of f and y?
8
Let j = -8157 + 8822. What is the greatest common divisor of j and 2261?
133
Let w be (2 - 30/25)*(0 - 5). Let q be -2*5*(-2)/w. Let j be q/(-4 - (-57)/18). What is the greatest common factor of j and 102?
6
Suppose -3*x + 28 = -20. Let r = -13 + x. Suppose f - 2*k - 433 = -0*f, -r*k = f - 408. Calculate the greatest common factor of 47 and f.
47
Let q be 11/(66/(-112))*3/(-2). Let w be (q/(-8))/(2/(-68)). Calculate the highest common divisor of w and 14.
7
Let x(g) = 157*g + 3107. Let t be x(-16). What is the greatest common factor of t and 665?
35
Suppose 1740 = g + 57*g. What is the greatest common divisor of g and 890?
10
Suppose 9 = 3*k, d + 0*k + 2*k = 10. Let m(w) = 2*w**2 - 8*w + 12 + 6*w**2 - 3*w**2 - w**2. Let s be m(d). What is the greatest common factor of 110 and s?
22
Let m = 92 - -548. What is the greatest common factor of 6320 and m?
80
Let w(s) = -11*s**2 + 46*s - 6. Let z be w(4). Suppose -z*v + 5*v - 111 = -3*g, 194 = 5*g - 4*v. Calculate the greatest common divisor of g and 6.
2
Let l be 32 - ((216/135)/(2/(-5)) + 1). Calculate the greatest common factor of 34440 and l.
35
Suppose -3*n + 4*r + 0*r - 52 = 0, -r = -2*n - 33. Let p be 1676/32 - (-6)/n. What is the highest common factor of 8 and p?
4
Let t be (11 + -7)*(-1)/(-2) + 52. What is the highest common factor of t and 2?
2
Let h = -6792 - -6839. Let l be -2*3/(-2) + -1. Suppose -y = -4*n + 752, -l*y = -n + 89 + 99. What is the highest common divisor of h and n?
47
Let w(n) = -n**3 + 31*n**2 + 42*n + 44. Let f be w(32). Suppose f = -44*k + 2872. What is the highest common divisor of 38 and k?
19
Let p be -1 - (-1 - 0) - (-2 - -2). Let d be (0 + -216 + p)/((-45)/30). What is the greatest common factor of 18 and d?
18
Let m be 32/(-24) + 272/6. Let n be (-594)/m*(1 - -43)/(-2). What is the highest common divisor of 11 and n?
11
Let k = 4381 - 3048. Calculate the highest common factor of k and 62.
31
Suppose 213 = 2*v + m, 308 = 3*v - 2*m + 6. What is the highest common divisor of v and 1976?
104
Suppose 0 = -14*a + 15363 + 14037. Suppose 95*z = 107*z - a. What is the greatest common factor of z and 280?
35
Let l(t) = t**3 + 6*t**2 + 4*t + 8. Let s be l(-4). Let x be -1 + (-768)/28 + 6/14. Let j = 52 + x. Calculate the highest common factor of j and s.
24
Suppose -2*s = -7 - 3. Suppose 2*f + 306 = 118*h - 114*h, -5*h + 428 = 4*f. What is the greatest common divisor of h and s?
5
Suppose 4*f = 122 + 74. Let t = -88 + 92. Let k(l) 